d 45838?
1066
Calculate the highest common factor of 69242016 and 28356.
1668
Calculate the highest common divisor of 201 and 478983.
201
What is the highest common divisor of 89221546 and 622?
622
What is the highest common divisor of 1159740 and 13680?
180
Calculate the greatest common factor of 36750336 and 14.
14
What is the highest common divisor of 70108 and 65076?
68
Calculate the highest common factor of 144573 and 384527.
143
What is the greatest common divisor of 885718 and 3422?
58
What is the greatest common divisor of 26112 and 18560?
128
What is the highest common factor of 104362312 and 1390?
278
Calculate the highest common factor of 4485 and 101526945.
4485
Calculate the greatest common factor of 1330 and 2985580.
10
What is the greatest common factor of 127254133 and 30961?
4423
Calculate the highest common divisor of 1019317920 and 772.
772
What is the greatest common factor of 636 and 4893396?
12
Calculate the highest common factor of 402033138 and 78.
78
Calculate the greatest common divisor of 75955 and 378400905.
6905
Calculate the highest common factor of 674280 and 465.
15
What is the highest common divisor of 116 and 203373926?
58
Calculate the highest common factor of 88863885 and 135.
135
What is the greatest common divisor of 7576 and 141835978?
1894
What is the greatest common factor of 24011974 and 602?
602
Calculate the highest common factor of 41527 and 14.
1
What is the highest common factor of 1227 and 11342797?
409
Calculate the greatest common factor of 9922101 and 1071.
357
What is the greatest common factor of 182483246 and 1030?
206
Calculate the highest common factor of 6474582 and 144.
18
Calculate the greatest common factor of 1543473 and 52939.
317
What is the highest common factor of 8075 and 15655300?
425
Calculate the highest common factor of 296 and 48344.
8
Calculate the highest common factor of 687375 and 1412820.
2115
Calculate the greatest common factor of 867824286 and 574.
574
What is the greatest common factor of 31176 and 314982?
18
What is the highest common factor of 59224 and 75944?
88
Calculate the highest common divisor of 13377 and 2917356.
39
What is the highest common factor of 114444 and 47322?
198
Calculate the highest common divisor of 304194032 and 2864.
2864
What is the highest common divisor of 485 and 147944788?
97
What is the highest common factor of 3234 and 572278476?
462
What is the greatest common divisor of 3177 and 2382246?
9
What is the greatest common factor of 609410604 and 132?
132
What is the highest common factor of 140020 and 740?
20
Calculate the highest common factor of 2157943 and 161261.
1231
What is the highest common factor of 72940 and 358114560?
10420
Calculate the highest common factor of 1940672 and 6368.
32
What is the greatest common factor of 3222 and 2147256?
18
Calculate the highest common divisor of 6050 and 49379110.
110
What is the highest common factor of 88 and 13787730?
22
Calculate the highest common factor of 248849 and 3828.
29
What is the highest common divisor of 143 and 14149057?
13
What is the highest common divisor of 23 and 16826662?
23
What is the greatest common factor of 85 and 2433300?
5
What is the greatest common factor of 29808290 and 180?
10
What is the greatest common factor of 115014 and 1126302?
174
Calculate the highest common divisor of 26 and 93035488.
26
What is the greatest common factor of 5 and 799044245?
5
What is the highest common factor of 47 and 7543829?
47
What is the greatest common divisor of 15164 and 8503213?
3791
What is the highest common divisor of 845499 and 339?
3
Calculate the highest common factor of 48 and 213998.
2
Calculate the highest common factor of 15 and 104108937.
3
Calculate the greatest common factor of 70013153 and 1267.
1267
What is the greatest common divisor of 2664 and 3212488?
296
Calculate the highest common divisor of 37944 and 1216440.
2232
What is the highest common divisor of 155724 and 363840?
12
What is the greatest common divisor of 3745436809 and 251?
251
What is the greatest common divisor of 6656685 and 1820?
35
Calculate the highest common factor of 153192 and 26520.
312
What is the greatest common factor of 415953 and 49833?
1017
Calculate the greatest common factor of 956740 and 500.
20
Calculate the highest common factor of 249619356 and 1044.
1044
Calculate the greatest common factor of 394018925 and 125.
25
Calculate the greatest common factor of 34034 and 2626.
26
Calculate the greatest common divisor of 585 and 6914817.
117
Calculate the highest common factor of 322313 and 38804.
109
Calculate the greatest common divisor of 10374 and 172854381.
399
What is the highest common factor of 582 and 462011?
97
Calculate the highest common divisor of 3287175 and 4100.
1025
Calculate the greatest common factor of 462 and 1434593622.
462
What is the highest common factor of 249230 and 1515?
5
Calculate the greatest common divisor of 128814183 and 386.
193
Calculate the highest common divisor of 390029685 and 15.
15
Calculate the highest common factor of 9761310 and 975.
195
Calculate the greatest common divisor of 54 and 838134.
54
Calculate the highest common factor of 56 and 126079016.
56
What is the highest common divisor of 2720 and 16636?
4
Calculate the greatest common factor of 1262998 and 1452.
242
Calculate the highest common factor of 3375 and 357660.
45
Calculate the highest common factor of 837000 and 898425.
675
Calculate the highest common factor of 177718856 and 3776.
472
What is the greatest common divisor of 210 and 13312110?
210
Calculate the greatest common divisor of 190 and 2858488630.
190
What is the greatest common factor of 270837 and 90?
9
What is the highest common factor of 6291 and 174663?
27
Calculate the highest common divisor of 552 and 234080844.
276
Calculate the highest common divisor of 2230668 and 885456.
17028
Calculate the highest common factor of 11441870 and 1760.
110
Calculate the greatest common factor of 30311 and 9299.
17
What is the greatest common divisor of 5124 and 37509388?
1708
What is the highest common divisor of 16 and 2329135832?
8
What is the greatest common factor of 549402426 and 9?
9
What is the greatest common divisor of 243 and 34783893?
9
What is the highest common divisor of 156 and 20468006?
26
What is the greatest common divisor of 1727514 and 3834?
54
What is the greatest common divisor of 5 and 26329994?
1
What is the highest common factor of 272948 and 232?
116
What is the highest common divisor of 198513 and 119853?
207
What is the highest common divisor of 30205 and 314405?
35
What is the highest common divisor of 77 and 11584034?
77
What is the greatest common factor of 109 and 321914387?
109
Calculate the highest common factor of 49696 and 1376.
32
Calculate the greatest common factor of 140286726 and 215.
43
Calculate the highest common factor of 176 and 32832668.
44
What is the highest common divisor of 152 and 45468216?
152
Calculate the greatest common divisor of 620047 and 1537.
53
Calculate the highest common factor of 2943 and 40008559.
109
What is the greatest common factor of 2919462 and 23478?
546
What is the highest common factor of 1379312 and 2170849?
7837
Calculate the greatest common divisor of 5235280 and 1528.
8
Calculate the greatest common factor of 1684782575 and 155.
155
Calculate the greatest common factor of 48 and 63895344.
48
Calculate the greatest common factor of 3749 and 2567260.
23
Calculate the greatest common divisor of 1940 and 3027855.
485
Calculate the highest common factor of 382 and 12033.
191
What is the greatest common factor of 67575 and 44025?
75
Calculate the greatest common factor of 495 and 71907.
33
Calculate the highest common divisor of 150684 and 8363828.
1732
What is the greatest common factor of 25984 and 12278?
14
What is the highest common factor of 13845 and 2461155?
15
Calculate the greatest common divisor of 818985 and 71355.
1065
Calculate the greatest common divisor of 34676168 and 657.
73
What is the highest common divisor of 12397 and 88803?
253
Calculate the highest common divisor of 415162 and 29194.
22
What is the highest common factor of 1209085200 and 720?
720
What is the greatest common factor of 37022226 and 140352?
4386
What is the